94?
4
What is the thousands digit of 2300432?
0
What is the hundreds digit of 4309762?
7
What is the units digit of 427845?
5
What is the ten thousands digit of 151903?
5
What is the units digit of 1923085?
5
What is the hundred thousands digit of 12470413?
4
What is the hundreds digit of 25043699?
6
What is the thousands digit of 976344?
6
What is the hundred thousands digit of 2546331?
5
What is the hundred thousands digit of 6092409?
0
What is the hundreds digit of 1015819?
8
What is the hundred thousands digit of 3359707?
3
What is the tens digit of 227537?
3
What is the hundreds digit of 188253?
2
What is the thousands digit of 543631?
3
What is the hundred thousands digit of 709498?
7
What is the ten thousands digit of 9178571?
7
What is the hundreds digit of 6463186?
1
What is the hundred thousands digit of 1607189?
6
What is the ten millions digit of 13981897?
1
What is the hundred thousands digit of 12014144?
0
What is the hundreds digit of 57548?
5
What is the thousands digit of 1092237?
2
What is the millions digit of 1774851?
1
What is the ten thousands digit of 3823254?
2
What is the hundred thousands digit of 517097?
5
What is the ten thousands digit of 2945168?
4
What is the hundreds digit of 3688904?
9
What is the hundreds digit of 1952924?
9
What is the millions digit of 13030040?
3
What is the millions digit of 24944178?
4
What is the hundred thousands digit of 7414536?
4
What is the hundred thousands digit of 332709?
3
What is the thousands digit of 2523782?
3
What is the hundred thousands digit of 116431?
1
What is the ten thousands digit of 18522366?
2
What is the hundred thousands digit of 228963?
2
What is the ten thousands digit of 393483?
9
What is the tens digit of 5588267?
6
What is the hundred thousands digit of 383366?
3
What is the units digit of 207631?
1
What is the ten thousands digit of 5224396?
2
What is the millions digit of 10295382?
0
What is the thousands digit of 1369677?
9
What is the tens digit of 1624872?
7
What is the hundreds digit of 390609?
6
What is the units digit of 715325?
5
What is the hundred thousands digit of 935699?
9
What is the ten thousands digit of 794181?
9
What is the tens digit of 491003?
0
What is the millions digit of 1255280?
1
What is the millions digit of 1464488?
1
What is the ten thousands digit of 1632390?
3
What is the hundreds digit of 2605435?
4
What is the hundred thousands digit of 232729?
2
What is the ten millions digit of 30789831?
3
What is the ten thousands digit of 62770?
6
What is the thousands digit of 3184589?
4
What is the thousands digit of 1584718?
4
What is the ten thousands digit of 146771?
4
What is the thousands digit of 64080?
4
What is the ten thousands digit of 9318542?
1
What is the thousands digit of 79532?
9
What is the hundreds digit of 47926?
9
What is the hundred thousands digit of 288494?
2
What is the ten millions digit of 35975481?
3
What is the hundreds digit of 7788?
7
What is the hundreds digit of 2209924?
9
What is the hundreds digit of 1186005?
0
What is the millions digit of 6537482?
6
What is the hundred thousands digit of 3482857?
4
What is the tens digit of 156506?
0
What is the ten thousands digit of 7526003?
2
What is the tens digit of 764828?
2
What is the hundred thousands digit of 2708339?
7
What is the ten thousands digit of 350489?
5
What is the units digit of 24954462?
2
What is the hundreds digit of 8592069?
0
What is the tens digit of 245802?
0
What is the millions digit of 1187976?
1
What is the hundred thousands digit of 3882655?
8
What is the hundred thousands digit of 31985449?
9
What is the ten thousands digit of 5656881?
5
What is the thousands digit of 9449192?
9
What is the hundred thousands digit of 12440782?
4
What is the millions digit of 1254906?
1
What is the ten thousands digit of 4737572?
3
What is the thousands digit of 5572992?
2
What is the thousands digit of 350521?
0
What is the hundreds digit of 282312?
3
What is the millions digit of 2762485?
2
What is the tens digit of 2637956?
5
What is the units digit of 3078458?
8
What is the units digit of 28046686?
6
What is the ten thousands digit of 549105?
4
What is the hundred thousands digit of 984997?
9
What is the tens digit of 94859?
5
What is the hundred thousands digit of 550182?
5
What is the hundred thousands digit of 580600?
5
What is the hundreds digit of 2635345?
3
What is the ten millions digit of 18962119?
1
What is the units digit of 593520?
0
What is the thousands digit of 2043141?
3
What is the units digit of 8626553?
3
What is the thousands digit of 3367619?
7
What is the tens digit of 1465049?
4
What is the ten thousands digit of 3331247?
3
What is the tens digit of 36504?
0
What is the hundreds digit of 1820698?
6
What is the tens digit of 392759?
5
What is the hundreds digit of 6951486?
4
What is the thousands digit of 1654891?
4
What is the hundred thousands digit of 151759?
1
What is the hundred thousands digit of 2761101?
7
What is the tens digit of 718797?
9
What is the ten thousands digit of 4767409?
6
What is the hundred thousands digit of 129243?
1
What is the ten thousands digit of 112692?
1
What is the ten thousands digit of 377245?
7
What is the thousands digit of 23181354?
1
What is the tens digit of 70176?
7
What is the hundreds digit of 1301607?
6
What is the thousands digit of 711146?
1
What is the hundred thousands digit of 634032?
6
What is the hundreds digit of 3608518?
5
What is the ten thousands digit of 41258720?
5
What is the hundred thousands digit of 2374049?
3
What is the tens digit of 191012?
1
What is the hundred thousands digit of 798009?
7
What is the hundred thousands digit of 144152?
1
What is the hundred thousands digit of 3057364?
0
What is the hundred thousands digit of 697999?
6
What is the hundreds digit of 681734?
7
What is the ten thousands digit of 2153101?
5
What is the thousands digit of 258840?
8
What is the thousands digit of 426269?
6
What is the millions digit of 3669354?
3
What is the hundred thousands digit of 120102?
1
What is the tens digit of 4494762?
6
What is the hundreds digit of 25367173?
1
What is the hundred thousands digit of 7254957?
2
What is the thousands digit of 1965031?
5
What is the hundreds digit of 42331?
3
What is the hundreds digit of 752211?
2
What is the millions digit of 2660182?
2
What is the tens digit of 10130040?
4
What is the hundred thousands digit of 763396?
7
What is the ten thousands digit of 586280?
8
What is the thousands digit of 4023724?
3
What is the ten thousands digit of 2011174?
1
What is the thousands digit of 294952?
4
What is the hundreds digit of 504467?
4
What is the units digit of 1601210?
0
What is the thousands digit of 2856518?
6
What is the ten thousands digit of 3786934?
8
What is the tens digit of 1691144?
4
What is the units digit of 277911?
1
What is the units digit of 442827?
7
What is the hundreds digit of 5628101?
1
What is the hundred thousands digit of 744895?
7
What is the thousands digit of 1076049?
6
What is the tens digit of 15993420?
2
What is the millions digit of 2022675?
2
What is the thousands digit of 15502866?
2
What is the units digit of 182428?
8
What is the tens digit of 9353168?
6
What is the tens digit of 1366073?
7
What is the units digit of 9483458?
8
What is the thousands digit of 561875?
1
What is the thousands digit of 9815386?
5
What is the hundreds digit of 459556?
5
What is the tens digit of 511017?
1
What is the hundred thousands digit of 27824609?
8
What is the hundreds digit of 404021?
0
What is the tens digit of 231937?
3
What is the ten thousands digit of 250612?
5
What is the thousands digit of 15319720?
9
What is the hundreds digit of 226994?
9
What is the hundreds digit of 246401?
4
What is the hundreds digit of 43250?
2
What is the hundreds digit of 16040645?
6
What is the thousands digit of 22996057?
6
What is the units digit of 169078?
8
What is the units digit of 4053893?
3
What is the thousands digit of 4369941?
9
What is the tens digit of 140896?
9
What is the ten thousands digit of 454067?
5
What is the units digit of 39349180?
0
What is the ten thousands digit of 4046701?
4
What is the hundred thousands digit of 213848?
2
What is the units digit of 127614?
4
What is the hundreds digit of 11